{"id":1168,"date":"2023-04-26T19:57:28","date_gmt":"2023-04-26T19:57:28","guid":{"rendered":"http:\/\/novo.jf-ameixial.pt\/?page_id=1168"},"modified":"2024-01-25T01:57:29","modified_gmt":"2024-01-25T00:57:29","slug":"publicacoes","status":"publish","type":"page","link":"https:\/\/jf-ameixial.pt\/?page_id=1168","title":{"rendered":"Publica\u00e7\u00f5es"},"content":{"rendered":"\n<div class=\"wp-block-columns is-layout-flex wp-container-core-columns-is-layout-9d6595d7 wp-block-columns-is-layout-flex\">\n<div class=\"wp-block-column is-layout-flow wp-block-column-is-layout-flow\" style=\"flex-basis:33.33%\">\n<figure class=\"wp-block-image is-resized\"><a href=\"https:\/\/jf-ameixial.pt\/wp-content\/uploads\/2023\/04\/Monografia_Ameixial_2-Ed.pdf\" target=\"_blank\" rel=\"noopener\"><img loading=\"lazy\" decoding=\"async\" src=\"https:\/\/jf-ameixial.pt\/wp-content\/uploads\/2023\/04\/MonografiaAmeixial.png\" alt=\"\" class=\"wp-image-1169\" width=\"268\" height=\"323\" srcset=\"https:\/\/jf-ameixial.pt\/wp-content\/uploads\/2023\/04\/MonografiaAmeixial.png 639w, https:\/\/jf-ameixial.pt\/wp-content\/uploads\/2023\/04\/MonografiaAmeixial-248x300.png 248w\" sizes=\"auto, (max-width: 268px) 100vw, 268px\" \/><\/a><\/figure>\n<\/div>\n\n\n\n<div class=\"wp-block-column is-vertically-aligned-center is-layout-flow wp-block-column-is-layout-flow\" style=\"flex-basis:66.66%\">\n<p><strong>Monografia breve de uma freguesia na Serra do Caldeir\u00e3o<\/strong><\/p>\n\n\n\n<p>de Lu\u00eds Ant\u00f3nio Fernandes da Palma natural do Ameixial, onde nasceu em 1954, e onde ainda mant\u00e9m bens de fam\u00edlia. Reside em Loul\u00e9.<\/p>\n<\/div>\n<\/div>\n","protected":false},"excerpt":{"rendered":"<p>Monografia breve de uma freguesia na Serra do Caldeir\u00e3o de Lu\u00eds Ant\u00f3nio Fernandes da Palma natural do Ameixial, onde nasceu em 1954, e onde ainda mant\u00e9m bens de fam\u00edlia. Reside em Loul\u00e9.<\/p>\n","protected":false},"author":1,"featured_media":0,"parent":0,"menu_order":0,"comment_status":"closed","ping_status":"closed","template":"","meta":{"ngg_post_thumbnail":0,"footnotes":""},"class_list":["post-1168","page","type-page","status-publish"],"_links":{"self":[{"href":"https:\/\/jf-ameixial.pt\/index.php?rest_route=\/wp\/v2\/pages\/1168","targetHints":{"allow":["GET"]}}],"collection":[{"href":"https:\/\/jf-ameixial.pt\/index.php?rest_route=\/wp\/v2\/pages"}],"about":[{"href":"https:\/\/jf-ameixial.pt\/index.php?rest_route=\/wp\/v2\/types\/page"}],"author":[{"embeddable":true,"href":"https:\/\/jf-ameixial.pt\/index.php?rest_route=\/wp\/v2\/users\/1"}],"replies":[{"embeddable":true,"href":"https:\/\/jf-ameixial.pt\/index.php?rest_route=%2Fwp%2Fv2%2Fcomments&post=1168"}],"version-history":[{"count":4,"href":"https:\/\/jf-ameixial.pt\/index.php?rest_route=\/wp\/v2\/pages\/1168\/revisions"}],"predecessor-version":[{"id":1220,"href":"https:\/\/jf-ameixial.pt\/index.php?rest_route=\/wp\/v2\/pages\/1168\/revisions\/1220"}],"wp:attachment":[{"href":"https:\/\/jf-ameixial.pt\/index.php?rest_route=%2Fwp%2Fv2%2Fmedia&parent=1168"}],"curies":[{"name":"wp","href":"https:\/\/api.w.org\/{rel}","templated":true}]}}

Publicações

<div class="wp-block-columns is-layout-flex wp-container-core-columns-is-layout-9d6595d7 wp-block-columns-is-layout-flex">
<div class="wp-block-column is-layout-flow wp-block-column-is-layout-flow" style="flex-basis:33.33%">
<figure class="wp-block-image is-resized"><a href="https://jf-ameixial.pt/wp-content/uploads/2023/04/Monografia_Ameixial_2-Ed.pdf" target="_blank" rel="noopener"><img loading="lazy" decoding="async" src="https://jf-ameixial.pt/wp-content/uploads/2023/04/MonografiaAmeixial.png" alt="" class="wp-image-1169" width="268" height="323" srcset="https://jf-ameixial.pt/wp-content/uploads/2023/04/MonografiaAmeixial.png 639w, https://jf-ameixial.pt/wp-content/uploads/2023/04/MonografiaAmeixial-248x300.png 248w" sizes="auto, (max-width: 268px) 100vw, 268px" /></a></figure>
</div>



<div class="wp-block-column is-vertically-aligned-center is-layout-flow wp-block-column-is-layout-flow" style="flex-basis:66.66%">
<p><strong>Monografia breve de uma freguesia na Serra do Caldeirão</strong></p>



<p>de Luís António Fernandes da Palma natural do Ameixial, onde nasceu em 1954, e onde ainda mantém bens de família. Reside em Loulé.</p>
</div>
</div>

<p>Monografia breve de uma freguesia na Serra do Caldeirão de Luís António Fernandes da Palma natural do Ameixial, onde nasceu em 1954, e onde ainda mantém bens de família. Reside em Loulé.</p>
