{"id":202,"date":"2018-11-04T22:23:44","date_gmt":"2018-11-04T22:23:44","guid":{"rendered":"https:\/\/jf-ameixial.pt\/tmp\/?page_id=202"},"modified":"2022-03-15T13:00:24","modified_gmt":"2022-03-15T13:00:24","slug":"historia","status":"publish","type":"page","link":"https:\/\/jf-ameixial.pt\/?page_id=202","title":{"rendered":"Historia"},"content":{"rendered":"<p>Nos s\u00e9culos XVIII, XIX e ainda ap\u00f3s a primeira metade do s\u00e9culo XX, esta aldeia era um dos principais pontos de paragem dos viajantes e dos almocreves, que se deslocavam de Lisboa ou do Alentejo em dire\u00e7\u00e3o ao Algarve. Por esse motivo, havia na freguesia do Ameixial diversas estalagens, existindo mesmo o chamado Lugar das Estalagens (Martins, 2004: 423), cuja localiza\u00e7\u00e3o exata atualmente se desconhece. Todavia, estes edif\u00edcios n\u00e3o eram como aqueles que hoje em dia conhecemos, eram um g\u00e9nero de quintal de grandes dimens\u00f5es \u201cassociado a um palheiro e a um espa\u00e7o para os carros de parelha\u201d (Costa, 2014: 364, 366).<\/p>\n<p>Para al\u00e9m de ponto de descanso e de centro privilegiado de com\u00e9rcio, a aldeia do Ameixial era tamb\u00e9m o ponto a partir do qual se distribu\u00eda o correio de e para o Algarve. Esta enorme presen\u00e7a de viajantes, fez com que o Ameixial fosse um s\u00edtio onde se alugavam animais de carga (machos), havendo mesmo quem atribua a esse facto a origem do seu nome, que ter\u00e1 assim evolu\u00eddo de Machial para Ameixial. Por outro lado, os dicion\u00e1rios de l\u00edngua portuguesa oferecem novas pistas sobre a origem da designa\u00e7\u00e3o desta povoa\u00e7\u00e3o, j\u00e1 que \u201cmachial\u201d surge definido como um \u201cterreno inculto destinado a pastagens; montado\u201d, ou seja, uma \u00e1rea de sobreiros e\/ou azinheiras, onde pastam os porcos, como aqui sucede. As Mem\u00f3rias Paroquiais de 1758 d\u00e3o-nos conta da exist\u00eancia de muitas ameixeiras neste local, por\u00e9m nenhum autor aponta esse facto como justifica\u00e7\u00e3o para a origem do nome.<\/p>\n","protected":false},"excerpt":{"rendered":"<p>Nos s\u00e9culos XVIII, XIX e ainda ap\u00f3s a primeira metade do s\u00e9culo XX, esta aldeia era um dos principais pontos de paragem dos viajantes e dos almocreves, que se deslocavam de Lisboa ou do Alentejo em dire\u00e7\u00e3o ao Algarve. Por esse motivo, havia na freguesia do Ameixial diversas estalagens, existindo mesmo o chamado Lugar das Estalagens (Martins, 2004: 423), cuja<\/p>\n<p><a class=\"more-link\" href=\"https:\/\/jf-ameixial.pt\/?page_id=202\">Read More<\/a><\/p>\n","protected":false},"author":1,"featured_media":0,"parent":0,"menu_order":0,"comment_status":"closed","ping_status":"closed","template":"","meta":{"ngg_post_thumbnail":0,"footnotes":""},"class_list":["post-202","page","type-page","status-publish"],"_links":{"self":[{"href":"https:\/\/jf-ameixial.pt\/index.php?rest_route=\/wp\/v2\/pages\/202","targetHints":{"allow":["GET"]}}],"collection":[{"href":"https:\/\/jf-ameixial.pt\/index.php?rest_route=\/wp\/v2\/pages"}],"about":[{"href":"https:\/\/jf-ameixial.pt\/index.php?rest_route=\/wp\/v2\/types\/page"}],"author":[{"embeddable":true,"href":"https:\/\/jf-ameixial.pt\/index.php?rest_route=\/wp\/v2\/users\/1"}],"replies":[{"embeddable":true,"href":"https:\/\/jf-ameixial.pt\/index.php?rest_route=%2Fwp%2Fv2%2Fcomments&post=202"}],"version-history":[{"count":2,"href":"https:\/\/jf-ameixial.pt\/index.php?rest_route=\/wp\/v2\/pages\/202\/revisions"}],"predecessor-version":[{"id":1081,"href":"https:\/\/jf-ameixial.pt\/index.php?rest_route=\/wp\/v2\/pages\/202\/revisions\/1081"}],"wp:attachment":[{"href":"https:\/\/jf-ameixial.pt\/index.php?rest_route=%2Fwp%2Fv2%2Fmedia&parent=202"}],"curies":[{"name":"wp","href":"https:\/\/api.w.org\/{rel}","templated":true}]}}

<p>Nos séculos XVIII, XIX e ainda após a primeira metade do século XX, esta aldeia era um dos principais pontos de paragem dos viajantes e dos almocreves, que se deslocavam de Lisboa ou do Alentejo em direção ao Algarve. Por esse motivo, havia na freguesia do Ameixial diversas estalagens, existindo mesmo o chamado Lugar das Estalagens (Martins, 2004: 423), cuja localização exata atualmente se desconhece. Todavia, estes edifícios não eram como aqueles que hoje em dia conhecemos, eram um género de quintal de grandes dimensões “associado a um palheiro e a um espaço para os carros de parelha” (Costa, 2014: 364, 366).</p>
<p>Para além de ponto de descanso e de centro privilegiado de comércio, a aldeia do Ameixial era também o ponto a partir do qual se distribuía o correio de e para o Algarve. Esta enorme presença de viajantes, fez com que o Ameixial fosse um sítio onde se alugavam animais de carga (machos), havendo mesmo quem atribua a esse facto a origem do seu nome, que terá assim evoluído de Machial para Ameixial. Por outro lado, os dicionários de língua portuguesa oferecem novas pistas sobre a origem da designação desta povoação, já que “machial” surge definido como um “terreno inculto destinado a pastagens; montado”, ou seja, uma área de sobreiros e/ou azinheiras, onde pastam os porcos, como aqui sucede. As Memórias Paroquiais de 1758 dão-nos conta da existência de muitas ameixeiras neste local, porém nenhum autor aponta esse facto como justificação para a origem do nome.</p>

<p>Nos séculos XVIII, XIX e ainda após a primeira metade do século XX, esta aldeia era um dos principais pontos de paragem dos viajantes e dos almocreves, que se deslocavam de Lisboa ou do Alentejo em direção ao Algarve. Por esse motivo, havia na freguesia do Ameixial diversas estalagens, existindo mesmo o chamado Lugar das Estalagens (Martins, 2004: 423), cuja</p>
<p><a class="more-link" href="https://jf-ameixial.pt/?page_id=202">Read More</a></p>
