{"id":249,"date":"2018-11-04T23:18:46","date_gmt":"2018-11-04T23:18:46","guid":{"rendered":"https:\/\/jf-ameixial.pt\/tmp\/?page_id=249"},"modified":"2024-01-25T01:54:39","modified_gmt":"2024-01-25T00:54:39","slug":"heraldica-e-brasao","status":"publish","type":"page","link":"https:\/\/jf-ameixial.pt\/?page_id=249","title":{"rendered":"Her\u00e1ldica e Bras\u00e3o"},"content":{"rendered":"\n<p>A ordena\u00e7\u00e3o her\u00e1ldica do bras\u00e3o e bandeira da freguesia do Ameixial foi publicada no Di\u00e1rio da Rep\u00fablica n\u00ba 250 &#8211; III S\u00e9rie, de 26-10-1999, e ficou assim definida:<br>Armas \u2013 Escudo de ouro, sobreiro arrancado, de sua cor, encimando uma ponte de tr\u00eas arcos de vermelho, firmada nos flancos e movente de um p\u00e9 ondado de azul e prata de tr\u00eas tiras; nos cant\u00f5es do chefe, duas buzinas de negro, com bocais, virola e cord\u00f5es de vermelho, postas em cortesia. Coroa mural de prata de tr\u00eas torres. Listel branco com a legenda a negro, em mai\u00fasculas: AMEIXIAL \u2013 LOUL\u00c9.<br>Para uma melhor interpreta\u00e7\u00e3o, podemos contextualizar estes s\u00edmbolos:<\/p>\n\n\n\n<ul class=\"wp-block-list\"><li>A coroa murada com tr\u00eas torres \u00e9 espec\u00edfica das freguesias que n\u00e3o s\u00e3o vilas nem cidades;<\/li><li>No escudo, de base arredondada, est\u00e3o representados:<\/li><li>Um sobreiro arrancado do ch\u00e3o, na sua cor natural e descorti\u00e7ado, \u00e1rvore aut\u00f3ctone do bosque mediterr\u00e2nico e da Serra do Caldeir\u00e3o, valorizando a import\u00e2ncia da corti\u00e7a para a economia local;<\/li><li>As duas buzinas (cornetas ou trompas) de ca\u00e7a destacam o valor local da atividade cineg\u00e9tica;<\/li><li>A ponte sobre as \u00e1guas de um rio, identifica-se com a ponte do Vasc\u00e3o, s\u00edmbolo da liga\u00e7\u00e3o entre o Algarve e o Alentejo\/Portugal, da qual, em teoria, s\u00f3 a metade sul pertence \u00e0 freguesia do Ameixial.<br>A bandeira para hastear \u2013 retangular na propor\u00e7\u00e3o de 2 para 3; e o estandarte \u2013 quadrado, s\u00e3o em fundo verde com o bras\u00e3o ao centro, cord\u00f5es e borlas de ouro e verde. Haste e lan\u00e7a de ouro.<\/li><\/ul>\n\n\n\n<div class=\"wp-block-image\"><figure class=\"aligncenter size-full\"><img decoding=\"async\" src=\"https:\/\/jf-ameixial.pt\/wp-content\/uploads\/2020\/12\/LLE-ameixial.png\" alt=\"\" class=\"wp-image-1111\"\/><figcaption>Bras\u00e3o de armas da freguesia do Ameixial<\/figcaption><\/figure><\/div>\n\n\n\n<div class=\"wp-block-group\"><div class=\"wp-block-group__inner-container is-layout-flow wp-block-group-is-layout-flow\">\n<div class=\"wp-block-columns is-layout-flex wp-container-core-columns-is-layout-9d6595d7 wp-block-columns-is-layout-flex\">\n<div class=\"wp-block-column is-layout-flow wp-block-column-is-layout-flow\">\n<div class=\"wp-block-image\"><figure class=\"aligncenter size-full is-resized\"><img loading=\"lazy\" decoding=\"async\" src=\"https:\/\/jf-ameixial.pt\/wp-content\/uploads\/2022\/03\/1.png\" alt=\"\" class=\"wp-image-1118\" width=\"264\" height=\"260\"\/><figcaption>Bandeira para hastear (2&#215;3)<\/figcaption><\/figure><\/div>\n<\/div>\n\n\n\n<div class=\"wp-block-column is-layout-flow wp-block-column-is-layout-flow\">\n<div class=\"wp-block-image\"><figure class=\"aligncenter size-full is-resized\"><img loading=\"lazy\" decoding=\"async\" src=\"https:\/\/jf-ameixial.pt\/wp-content\/uploads\/2022\/03\/3.png\" alt=\"\" class=\"wp-image-1116\" width=\"196\" height=\"260\"\/><figcaption>Estandarte (1&#215;1)<\/figcaption><\/figure><\/div>\n<\/div>\n<\/div>\n<\/div><\/div>\n\n\n\n<p><\/p>\n","protected":false},"excerpt":{"rendered":"<p>A ordena\u00e7\u00e3o her\u00e1ldica do bras\u00e3o e bandeira da freguesia do Ameixial foi publicada no Di\u00e1rio da Rep\u00fablica n\u00ba 250 &#8211; III S\u00e9rie, de 26-10-1999, e ficou assim definida:Armas \u2013 Escudo de ouro, sobreiro arrancado, de sua cor, encimando uma ponte de tr\u00eas arcos de vermelho, firmada nos flancos e movente de um p\u00e9 ondado de azul e prata de tr\u00eas<\/p>\n<p><a class=\"more-link\" href=\"https:\/\/jf-ameixial.pt\/?page_id=249\">Read More<\/a><\/p>\n","protected":false},"author":1,"featured_media":0,"parent":0,"menu_order":0,"comment_status":"closed","ping_status":"closed","template":"","meta":{"ngg_post_thumbnail":0,"footnotes":""},"class_list":["post-249","page","type-page","status-publish"],"_links":{"self":[{"href":"https:\/\/jf-ameixial.pt\/index.php?rest_route=\/wp\/v2\/pages\/249","targetHints":{"allow":["GET"]}}],"collection":[{"href":"https:\/\/jf-ameixial.pt\/index.php?rest_route=\/wp\/v2\/pages"}],"about":[{"href":"https:\/\/jf-ameixial.pt\/index.php?rest_route=\/wp\/v2\/types\/page"}],"author":[{"embeddable":true,"href":"https:\/\/jf-ameixial.pt\/index.php?rest_route=\/wp\/v2\/users\/1"}],"replies":[{"embeddable":true,"href":"https:\/\/jf-ameixial.pt\/index.php?rest_route=%2Fwp%2Fv2%2Fcomments&post=249"}],"version-history":[{"count":9,"href":"https:\/\/jf-ameixial.pt\/index.php?rest_route=\/wp\/v2\/pages\/249\/revisions"}],"predecessor-version":[{"id":1219,"href":"https:\/\/jf-ameixial.pt\/index.php?rest_route=\/wp\/v2\/pages\/249\/revisions\/1219"}],"wp:attachment":[{"href":"https:\/\/jf-ameixial.pt\/index.php?rest_route=%2Fwp%2Fv2%2Fmedia&parent=249"}],"curies":[{"name":"wp","href":"https:\/\/api.w.org\/{rel}","templated":true}]}}

Heráldica e Brasão

<p>A ordenação heráldica do brasão e bandeira da freguesia do Ameixial foi publicada no Diário da República nº 250 &#8211; III Série, de 26-10-1999, e ficou assim definida:<br>Armas – Escudo de ouro, sobreiro arrancado, de sua cor, encimando uma ponte de três arcos de vermelho, firmada nos flancos e movente de um pé ondado de azul e prata de três tiras; nos cantões do chefe, duas buzinas de negro, com bocais, virola e cordões de vermelho, postas em cortesia. Coroa mural de prata de três torres. Listel branco com a legenda a negro, em maiúsculas: AMEIXIAL – LOULÉ.<br>Para uma melhor interpretação, podemos contextualizar estes símbolos:</p>



<ul class="wp-block-list"><li>A coroa murada com três torres é específica das freguesias que não são vilas nem cidades;</li><li>No escudo, de base arredondada, estão representados:</li><li>Um sobreiro arrancado do chão, na sua cor natural e descortiçado, árvore autóctone do bosque mediterrânico e da Serra do Caldeirão, valorizando a importância da cortiça para a economia local;</li><li>As duas buzinas (cornetas ou trompas) de caça destacam o valor local da atividade cinegética;</li><li>A ponte sobre as águas de um rio, identifica-se com a ponte do Vascão, símbolo da ligação entre o Algarve e o Alentejo/Portugal, da qual, em teoria, só a metade sul pertence à freguesia do Ameixial.<br>A bandeira para hastear – retangular na proporção de 2 para 3; e o estandarte – quadrado, são em fundo verde com o brasão ao centro, cordões e borlas de ouro e verde. Haste e lança de ouro.</li></ul>



<div class="wp-block-image"><figure class="aligncenter size-full"><img decoding="async" src="https://jf-ameixial.pt/wp-content/uploads/2020/12/LLE-ameixial.png" alt="" class="wp-image-1111"/><figcaption>Brasão de armas da freguesia do Ameixial</figcaption></figure></div>



<div class="wp-block-group"><div class="wp-block-group__inner-container is-layout-flow wp-block-group-is-layout-flow">
<div class="wp-block-columns is-layout-flex wp-container-core-columns-is-layout-9d6595d7 wp-block-columns-is-layout-flex">
<div class="wp-block-column is-layout-flow wp-block-column-is-layout-flow">
<div class="wp-block-image"><figure class="aligncenter size-full is-resized"><img loading="lazy" decoding="async" src="https://jf-ameixial.pt/wp-content/uploads/2022/03/1.png" alt="" class="wp-image-1118" width="264" height="260"/><figcaption>Bandeira para hastear (2&#215;3)</figcaption></figure></div>
</div>



<div class="wp-block-column is-layout-flow wp-block-column-is-layout-flow">
<div class="wp-block-image"><figure class="aligncenter size-full is-resized"><img loading="lazy" decoding="async" src="https://jf-ameixial.pt/wp-content/uploads/2022/03/3.png" alt="" class="wp-image-1116" width="196" height="260"/><figcaption>Estandarte (1&#215;1)</figcaption></figure></div>
</div>
</div>
</div></div>



<p></p>

<p>A ordenação heráldica do brasão e bandeira da freguesia do Ameixial foi publicada no Diário da República nº 250 &#8211; III Série, de 26-10-1999, e ficou assim definida:Armas – Escudo de ouro, sobreiro arrancado, de sua cor, encimando uma ponte de três arcos de vermelho, firmada nos flancos e movente de um pé ondado de azul e prata de três</p>
<p><a class="more-link" href="https://jf-ameixial.pt/?page_id=249">Read More</a></p>
