{"id":276,"date":"2018-11-04T23:41:56","date_gmt":"2018-11-04T23:41:56","guid":{"rendered":"https:\/\/jf-ameixial.pt\/tmp\/?page_id=276"},"modified":"2018-11-04T23:41:56","modified_gmt":"2018-11-04T23:41:56","slug":"cemiterio","status":"publish","type":"page","link":"https:\/\/jf-ameixial.pt\/?page_id=276","title":{"rendered":"Cemit\u00e9rio"},"content":{"rendered":"<p>Os servi\u00e7os afetos ao funcionamento do cemit\u00e9rio s\u00e3o os de inuma\u00e7\u00e3o, exuma\u00e7\u00e3o e translada\u00e7\u00e3o de cad\u00e1veres.<\/p>\n<ol>\n<li>As inuma\u00e7\u00f5es ser\u00e3o efetuadas em sepulturas, jazigos e gavet\u00f5es.<\/li>\n<li>As sepulturas classificam -se em tempor\u00e1rias e perp\u00e9tuas:\n<ol>\n<li>Consideram-se tempor\u00e1rias as sepulturas para inuma\u00e7\u00e3o por tr\u00eas anos.<\/li>\n<li>Definem -se como perp\u00e9tuas aquelas cuja utiliza\u00e7\u00e3o foi exclusiva e perpetuamente concedida pela Freguesia, a requerimento dos interessados.<\/li>\n<li>\u00c9 proibido, nas sepulturas tempor\u00e1rias, o enterramento em caix\u00f5es de zinco e de madeiras muito densas, dificilmente deterior\u00e1veis ou nas quais tenham sido aplicados tintas ou vernizes que demorem a sua destrui\u00e7\u00e3o.<\/li>\n<\/ol>\n<\/li>\n<li>Nos jazigos e gavet\u00f5es s\u00f3 \u00e9 permitido inumar cad\u00e1veres encerrados em caix\u00f5es de zinco cuja folha, empregue no seu fabrico, tenha a espessura m\u00ednima de 0,4 mm.<\/li>\n<\/ol>\n<p>Os servi\u00e7os de registo, cobran\u00e7a de taxas e expediente geral s\u00e3o tratados na Secretaria da Junta de Freguesia de Segunda a sexta-feira das 9h \u00e0s 17h.<\/p>\n<p>Hor\u00e1rio de funcionamento:<br \/>\nSegunda-feira a S\u00e1bado das 8h \u00e0s 12h e das 14h \u00e0s 17h<br \/>\nDomingo das 8h \u00e0s 12h<\/p>\n","protected":false},"excerpt":{"rendered":"<p>Os servi\u00e7os afetos ao funcionamento do cemit\u00e9rio s\u00e3o os de inuma\u00e7\u00e3o, exuma\u00e7\u00e3o e translada\u00e7\u00e3o de cad\u00e1veres. As inuma\u00e7\u00f5es ser\u00e3o efetuadas em sepulturas, jazigos e gavet\u00f5es. As sepulturas classificam -se em tempor\u00e1rias e perp\u00e9tuas: Consideram-se tempor\u00e1rias as sepulturas para inuma\u00e7\u00e3o por tr\u00eas anos. Definem -se como perp\u00e9tuas aquelas cuja utiliza\u00e7\u00e3o foi exclusiva e perpetuamente concedida pela Freguesia, a requerimento dos interessados.<\/p>\n<p><a class=\"more-link\" href=\"https:\/\/jf-ameixial.pt\/?page_id=276\">Read More<\/a><\/p>\n","protected":false},"author":1,"featured_media":0,"parent":0,"menu_order":0,"comment_status":"closed","ping_status":"closed","template":"","meta":{"ngg_post_thumbnail":0,"footnotes":""},"class_list":["post-276","page","type-page","status-publish"],"_links":{"self":[{"href":"https:\/\/jf-ameixial.pt\/index.php?rest_route=\/wp\/v2\/pages\/276","targetHints":{"allow":["GET"]}}],"collection":[{"href":"https:\/\/jf-ameixial.pt\/index.php?rest_route=\/wp\/v2\/pages"}],"about":[{"href":"https:\/\/jf-ameixial.pt\/index.php?rest_route=\/wp\/v2\/types\/page"}],"author":[{"embeddable":true,"href":"https:\/\/jf-ameixial.pt\/index.php?rest_route=\/wp\/v2\/users\/1"}],"replies":[{"embeddable":true,"href":"https:\/\/jf-ameixial.pt\/index.php?rest_route=%2Fwp%2Fv2%2Fcomments&post=276"}],"version-history":[{"count":0,"href":"https:\/\/jf-ameixial.pt\/index.php?rest_route=\/wp\/v2\/pages\/276\/revisions"}],"wp:attachment":[{"href":"https:\/\/jf-ameixial.pt\/index.php?rest_route=%2Fwp%2Fv2%2Fmedia&parent=276"}],"curies":[{"name":"wp","href":"https:\/\/api.w.org\/{rel}","templated":true}]}}

Cemitério

<p>Os serviços afetos ao funcionamento do cemitério são os de inumação, exumação e transladação de cadáveres.</p>
<ol>
<li>As inumações serão efetuadas em sepulturas, jazigos e gavetões.</li>
<li>As sepulturas classificam -se em temporárias e perpétuas:
<ol>
<li>Consideram-se temporárias as sepulturas para inumação por três anos.</li>
<li>Definem -se como perpétuas aquelas cuja utilização foi exclusiva e perpetuamente concedida pela Freguesia, a requerimento dos interessados.</li>
<li>É proibido, nas sepulturas temporárias, o enterramento em caixões de zinco e de madeiras muito densas, dificilmente deterioráveis ou nas quais tenham sido aplicados tintas ou vernizes que demorem a sua destruição.</li>
</ol>
</li>
<li>Nos jazigos e gavetões só é permitido inumar cadáveres encerrados em caixões de zinco cuja folha, empregue no seu fabrico, tenha a espessura mínima de 0,4 mm.</li>
</ol>
<p>Os serviços de registo, cobrança de taxas e expediente geral são tratados na Secretaria da Junta de Freguesia de Segunda a sexta-feira das 9h às 17h.</p>
<p>Horário de funcionamento:<br />
Segunda-feira a Sábado das 8h às 12h e das 14h às 17h<br />
Domingo das 8h às 12h</p>

<p>Os serviços afetos ao funcionamento do cemitério são os de inumação, exumação e transladação de cadáveres. As inumações serão efetuadas em sepulturas, jazigos e gavetões. As sepulturas classificam -se em temporárias e perpétuas: Consideram-se temporárias as sepulturas para inumação por três anos. Definem -se como perpétuas aquelas cuja utilização foi exclusiva e perpetuamente concedida pela Freguesia, a requerimento dos interessados.</p>
<p><a class="more-link" href="https://jf-ameixial.pt/?page_id=276">Read More</a></p>
