{"id":339,"date":"2018-11-05T16:18:08","date_gmt":"2018-11-05T16:18:08","guid":{"rendered":"https:\/\/jf-ameixial.pt\/tmp\/?page_id=339"},"modified":"2023-04-26T17:46:17","modified_gmt":"2023-04-26T17:46:17","slug":"reunioes","status":"publish","type":"page","link":"https:\/\/jf-ameixial.pt\/?page_id=339","title":{"rendered":"Reuni\u00f5es"},"content":{"rendered":"<header class=\"entry-header\">\n<h1 class=\"entry-title\"><strong>Reuni\u00f5es da Assembleia de Freguesia<\/strong><\/h1>\n<\/header>\n<div class=\"entry-content\">\n<p><strong>Sess\u00f5es ordin\u00e1rias<\/strong><br \/>\n1 &#8211; A assembleia de freguesia re\u00fane em quatro sess\u00f5es ordin\u00e1rias anuais, em abril, junho, setembro e novembro ou dezembro, convocadas com uma anteced\u00eancia m\u00ednima de oito dias por edital e por carta com aviso de rece\u00e7\u00e3o ou protocolo.<br \/>\n2 &#8211; A aprecia\u00e7\u00e3o do invent\u00e1rio dos bens, direitos e obriga\u00e7\u00f5es patrimoniais, a respetiva avalia\u00e7\u00e3o e a aprecia\u00e7\u00e3o e vota\u00e7\u00e3o dos documentos de presta\u00e7\u00e3o de contas do ano anterior devem ter lugar na primeira sess\u00e3o e a aprova\u00e7\u00e3o das op\u00e7\u00f5es do plano e da proposta de or\u00e7amento para o ano seguinte na quarta sess\u00e3o, salvo o disposto no artigo 61.\u00ba<\/p>\n<p>&nbsp;<\/p>\n<p><strong>Sess\u00f5es extraordin\u00e1rias<\/strong><br \/>\n1 &#8211; A assembleia de freguesia re\u00fane em sess\u00e3o extraordin\u00e1ria por iniciativa da mesa ou ap\u00f3s requerimento:<br \/>\na) Do presidente da junta de freguesia, em cumprimento de delibera\u00e7\u00e3o desta;<br \/>\nb) De um ter\u00e7o dos seus membros;<br \/>\nc) De um n\u00famero de cidad\u00e3os eleitores inscritos no recenseamento eleitoral da freguesia equivalente a 30 vezes o n\u00famero de elementos que comp\u00f5em a assembleia de freguesia, quando aquele n\u00famero de cidad\u00e3os eleitores for igual ou inferior a 5000, ou a 50 vezes, quando for superior.<br \/>\n2 &#8211; O presidente da assembleia de freguesia, no prazo de cinco dias ap\u00f3s a iniciativa da mesa ou a rece\u00e7\u00e3o dos requerimentos previstos no n\u00famero anterior, por edital e por carta com aviso de rece\u00e7\u00e3o ou protocolo, convoca a sess\u00e3o extraordin\u00e1ria da assembleia de freguesia.<br \/>\n3 &#8211; A sess\u00e3o extraordin\u00e1ria referida no n\u00famero anterior deve ser realizada no prazo m\u00ednimo de 3 dias e m\u00e1ximo de 10 dias ap\u00f3s a sua convoca\u00e7\u00e3o.<br \/>\n4 &#8211; Quando o presidente da mesa da assembleia de freguesia n\u00e3o convoque a sess\u00e3o extraordin\u00e1ria requerida, podem os requerentes convoc\u00e1-la diretamente, observando, com as devidas adapta\u00e7\u00f5es, o disposto nos n.os 2 e 3 e promovendo a respetiva publicita\u00e7\u00e3o nos locais habituais.<\/p>\n<\/div>\n","protected":false},"excerpt":{"rendered":"<p>Reuni\u00f5es da Assembleia de Freguesia Sess\u00f5es ordin\u00e1rias 1 &#8211; A assembleia de freguesia re\u00fane em quatro sess\u00f5es ordin\u00e1rias anuais, em abril, junho, setembro e novembro ou dezembro, convocadas com uma anteced\u00eancia m\u00ednima de oito dias por edital e por carta com aviso de rece\u00e7\u00e3o ou protocolo. 2 &#8211; A aprecia\u00e7\u00e3o do invent\u00e1rio dos bens, direitos e obriga\u00e7\u00f5es patrimoniais, a respetiva<\/p>\n<p><a class=\"more-link\" href=\"https:\/\/jf-ameixial.pt\/?page_id=339\">Read More<\/a><\/p>\n","protected":false},"author":1,"featured_media":0,"parent":0,"menu_order":0,"comment_status":"closed","ping_status":"closed","template":"","meta":{"ngg_post_thumbnail":0,"footnotes":""},"class_list":["post-339","page","type-page","status-publish"],"_links":{"self":[{"href":"https:\/\/jf-ameixial.pt\/index.php?rest_route=\/wp\/v2\/pages\/339","targetHints":{"allow":["GET"]}}],"collection":[{"href":"https:\/\/jf-ameixial.pt\/index.php?rest_route=\/wp\/v2\/pages"}],"about":[{"href":"https:\/\/jf-ameixial.pt\/index.php?rest_route=\/wp\/v2\/types\/page"}],"author":[{"embeddable":true,"href":"https:\/\/jf-ameixial.pt\/index.php?rest_route=\/wp\/v2\/users\/1"}],"replies":[{"embeddable":true,"href":"https:\/\/jf-ameixial.pt\/index.php?rest_route=%2Fwp%2Fv2%2Fcomments&post=339"}],"version-history":[{"count":1,"href":"https:\/\/jf-ameixial.pt\/index.php?rest_route=\/wp\/v2\/pages\/339\/revisions"}],"predecessor-version":[{"id":1110,"href":"https:\/\/jf-ameixial.pt\/index.php?rest_route=\/wp\/v2\/pages\/339\/revisions\/1110"}],"wp:attachment":[{"href":"https:\/\/jf-ameixial.pt\/index.php?rest_route=%2Fwp%2Fv2%2Fmedia&parent=339"}],"curies":[{"name":"wp","href":"https:\/\/api.w.org\/{rel}","templated":true}]}}

Reuniões

<header class="entry-header">
<h1 class="entry-title"><strong>Reuniões da Assembleia de Freguesia</strong></h1>
</header>
<div class="entry-content">
<p><strong>Sessões ordinárias</strong><br />
1 &#8211; A assembleia de freguesia reúne em quatro sessões ordinárias anuais, em abril, junho, setembro e novembro ou dezembro, convocadas com uma antecedência mínima de oito dias por edital e por carta com aviso de receção ou protocolo.<br />
2 &#8211; A apreciação do inventário dos bens, direitos e obrigações patrimoniais, a respetiva avaliação e a apreciação e votação dos documentos de prestação de contas do ano anterior devem ter lugar na primeira sessão e a aprovação das opções do plano e da proposta de orçamento para o ano seguinte na quarta sessão, salvo o disposto no artigo 61.º</p>
<p>&nbsp;</p>
<p><strong>Sessões extraordinárias</strong><br />
1 &#8211; A assembleia de freguesia reúne em sessão extraordinária por iniciativa da mesa ou após requerimento:<br />
a) Do presidente da junta de freguesia, em cumprimento de deliberação desta;<br />
b) De um terço dos seus membros;<br />
c) De um número de cidadãos eleitores inscritos no recenseamento eleitoral da freguesia equivalente a 30 vezes o número de elementos que compõem a assembleia de freguesia, quando aquele número de cidadãos eleitores for igual ou inferior a 5000, ou a 50 vezes, quando for superior.<br />
2 &#8211; O presidente da assembleia de freguesia, no prazo de cinco dias após a iniciativa da mesa ou a receção dos requerimentos previstos no número anterior, por edital e por carta com aviso de receção ou protocolo, convoca a sessão extraordinária da assembleia de freguesia.<br />
3 &#8211; A sessão extraordinária referida no número anterior deve ser realizada no prazo mínimo de 3 dias e máximo de 10 dias após a sua convocação.<br />
4 &#8211; Quando o presidente da mesa da assembleia de freguesia não convoque a sessão extraordinária requerida, podem os requerentes convocá-la diretamente, observando, com as devidas adaptações, o disposto nos n.os 2 e 3 e promovendo a respetiva publicitação nos locais habituais.</p>
</div>

<p>Reuniões da Assembleia de Freguesia Sessões ordinárias 1 &#8211; A assembleia de freguesia reúne em quatro sessões ordinárias anuais, em abril, junho, setembro e novembro ou dezembro, convocadas com uma antecedência mínima de oito dias por edital e por carta com aviso de receção ou protocolo. 2 &#8211; A apreciação do inventário dos bens, direitos e obrigações patrimoniais, a respetiva</p>
<p><a class="more-link" href="https://jf-ameixial.pt/?page_id=339">Read More</a></p>
