{"id":364,"date":"2018-11-05T16:31:46","date_gmt":"2018-11-05T16:31:46","guid":{"rendered":"https:\/\/jf-ameixial.pt\/tmp\/?page_id=364"},"modified":"2022-03-04T14:39:45","modified_gmt":"2022-03-04T14:39:45","slug":"tradicoes","status":"publish","type":"page","link":"https:\/\/jf-ameixial.pt\/?page_id=364","title":{"rendered":"Tradi\u00e7\u00f5es"},"content":{"rendered":"<p><span style=\"font-family: Times New Roman, serif;\"><span style=\"font-size: medium;\">No 1\u00ba de maio ir para o campo fazer piquenique.<\/span><\/span><\/p>\n<p><span style=\"font-family: Times New Roman, serif;\"><span style=\"font-size: medium;\">Nos Santos Populares fazer fogueiras com rosas de S\u00e3o Jo\u00e3o e saltar a fogueira e tamb\u00e9m a elabora\u00e7\u00e3o do Mastro que \u00e9 coberto de flores e ervas campestres e \u00e0 volta do qual se dan\u00e7a.<\/span><\/span><\/p>\n<p><span style=\"font-family: Times New Roman, serif;\"><span style=\"font-size: medium;\">Devido \u00e0 riqueza e diversidade da flora dos seus campos e montados \u00e9 tamb\u00e9m a ca\u00e7a uma tradi\u00e7\u00e3o de elei\u00e7\u00e3o no Ameixial, que consiste em 3 \u00e9pocas venat\u00f3rias.<\/span><\/span><\/p>\n<p><span style=\"font-family: Times New Roman, serif;\"><span style=\"font-size: medium;\">Apicultura: Fabrico de mel por m\u00e9todos artesanais com a exist\u00eancia de v\u00e1rios apicultores<\/span><\/span><\/p>\n<p><span style=\"font-family: Times New Roman, serif;\"><span style=\"font-size: medium;\">Novembro: No S\u00e3o Martinho assar as castanhas e beber o vinho, apanhar o medronho para fazer a aguardente pelo m\u00e9todo tradicional e os licores, apanhar a azeitona para consumo e para levar ao lagar para fazer o azeite.<\/span><\/span><\/p>\n<p><span style=\"font-family: Times New Roman, serif;\"><span style=\"font-size: medium;\">No final de Novembro e durante o m\u00eas de Dezembro a matan\u00e7a do porco que re\u00fane as fam\u00edlias para o evento e para a ajuda e distribui\u00e7\u00e3o das tarefas da mesma.<\/span><\/span><\/p>\n<p><span style=\"font-family: Times New Roman, serif;\"><span style=\"font-size: medium;\">Existem ainda pastores\/criadores de gado Ovino e Caprino.<\/span><\/span><\/p>\n<p>&nbsp;<\/p>\n","protected":false},"excerpt":{"rendered":"<p>No 1\u00ba de maio ir para o campo fazer piquenique. Nos Santos Populares fazer fogueiras com rosas de S\u00e3o Jo\u00e3o e saltar a fogueira e tamb\u00e9m a elabora\u00e7\u00e3o do Mastro que \u00e9 coberto de flores e ervas campestres e \u00e0 volta do qual se dan\u00e7a. Devido \u00e0 riqueza e diversidade da flora dos seus campos e montados \u00e9 tamb\u00e9m a<\/p>\n<p><a class=\"more-link\" href=\"https:\/\/jf-ameixial.pt\/?page_id=364\">Read More<\/a><\/p>\n","protected":false},"author":1,"featured_media":0,"parent":0,"menu_order":0,"comment_status":"closed","ping_status":"closed","template":"","meta":{"ngg_post_thumbnail":0,"footnotes":""},"class_list":["post-364","page","type-page","status-publish"],"_links":{"self":[{"href":"https:\/\/jf-ameixial.pt\/index.php?rest_route=\/wp\/v2\/pages\/364","targetHints":{"allow":["GET"]}}],"collection":[{"href":"https:\/\/jf-ameixial.pt\/index.php?rest_route=\/wp\/v2\/pages"}],"about":[{"href":"https:\/\/jf-ameixial.pt\/index.php?rest_route=\/wp\/v2\/types\/page"}],"author":[{"embeddable":true,"href":"https:\/\/jf-ameixial.pt\/index.php?rest_route=\/wp\/v2\/users\/1"}],"replies":[{"embeddable":true,"href":"https:\/\/jf-ameixial.pt\/index.php?rest_route=%2Fwp%2Fv2%2Fcomments&post=364"}],"version-history":[{"count":4,"href":"https:\/\/jf-ameixial.pt\/index.php?rest_route=\/wp\/v2\/pages\/364\/revisions"}],"predecessor-version":[{"id":1075,"href":"https:\/\/jf-ameixial.pt\/index.php?rest_route=\/wp\/v2\/pages\/364\/revisions\/1075"}],"wp:attachment":[{"href":"https:\/\/jf-ameixial.pt\/index.php?rest_route=%2Fwp%2Fv2%2Fmedia&parent=364"}],"curies":[{"name":"wp","href":"https:\/\/api.w.org\/{rel}","templated":true}]}}

Tradições

<p><span style="font-family: Times New Roman, serif;"><span style="font-size: medium;">No 1º de maio ir para o campo fazer piquenique.</span></span></p>
<p><span style="font-family: Times New Roman, serif;"><span style="font-size: medium;">Nos Santos Populares fazer fogueiras com rosas de São João e saltar a fogueira e também a elaboração do Mastro que é coberto de flores e ervas campestres e à volta do qual se dança.</span></span></p>
<p><span style="font-family: Times New Roman, serif;"><span style="font-size: medium;">Devido à riqueza e diversidade da flora dos seus campos e montados é também a caça uma tradição de eleição no Ameixial, que consiste em 3 épocas venatórias.</span></span></p>
<p><span style="font-family: Times New Roman, serif;"><span style="font-size: medium;">Apicultura: Fabrico de mel por métodos artesanais com a existência de vários apicultores</span></span></p>
<p><span style="font-family: Times New Roman, serif;"><span style="font-size: medium;">Novembro: No São Martinho assar as castanhas e beber o vinho, apanhar o medronho para fazer a aguardente pelo método tradicional e os licores, apanhar a azeitona para consumo e para levar ao lagar para fazer o azeite.</span></span></p>
<p><span style="font-family: Times New Roman, serif;"><span style="font-size: medium;">No final de Novembro e durante o mês de Dezembro a matança do porco que reúne as famílias para o evento e para a ajuda e distribuição das tarefas da mesma.</span></span></p>
<p><span style="font-family: Times New Roman, serif;"><span style="font-size: medium;">Existem ainda pastores/criadores de gado Ovino e Caprino.</span></span></p>
<p>&nbsp;</p>

<p>No 1º de maio ir para o campo fazer piquenique. Nos Santos Populares fazer fogueiras com rosas de São João e saltar a fogueira e também a elaboração do Mastro que é coberto de flores e ervas campestres e à volta do qual se dança. Devido à riqueza e diversidade da flora dos seus campos e montados é também a</p>
<p><a class="more-link" href="https://jf-ameixial.pt/?page_id=364">Read More</a></p>
