{"id":537,"date":"2018-11-29T09:28:32","date_gmt":"2018-11-29T09:28:32","guid":{"rendered":"https:\/\/jf-ameixial.pt\/tmp\/?page_id=537"},"modified":"2026-03-10T17:54:14","modified_gmt":"2026-03-10T16:54:14","slug":"pessoal","status":"publish","type":"page","link":"https:\/\/jf-ameixial.pt\/?page_id=537","title":{"rendered":"Contrata\u00e7\u00e3o P\u00fablica"},"content":{"rendered":"<h1><span style=\"font-size: 12pt;\"><strong>Procedimentos<\/strong><\/span><\/h1>\n<div class=\"su-spoiler su-spoiler-style-default su-spoiler-icon-plus su-spoiler-closed\" data-scroll-offset=\"0\" data-anchor-in-url=\"no\"><div class=\"su-spoiler-title\" tabindex=\"0\" role=\"button\"><span class=\"su-spoiler-icon\"><\/span>2026<\/div><div class=\"su-spoiler-content su-u-clearfix su-u-trim\">\n<div class=\"prettyFileList\"  data-filesperpage=\"10\"><div class=\"prettyFileBar\"><a href=\"#\" class=\"showSortingBtn float_right corePrettyStyle btn\">Sort<\/a><div class=\"prettyFileFilters\"><ul class=\"unstyled\"><li><a href=\"\" data-filter-type=\"img\" class=\"imgFilter img showing\">Image<\/a><\/li><li><a href=\"\" data-filter-type=\"pdf\" class=\"pdfFilter pdf showing\">PDF<\/a><\/li><li><a href=\"\" data-filter-type=\"xls\" class=\"xlsFilter xls showing\">Excel<\/a><\/li><li><a href=\"\" data-filter-type=\"doc\" class=\"docFilter doc showing\">Word<\/a><\/li><li><a href=\"\" data-filter-type=\"ppt\" class=\"pptFilter ppt showing\">Powerpoint<\/a><\/li><li><a href=\"\" data-filter-type=\"zip\" class=\"zipFilter zip showing\">Zip<\/a><\/li><li><a href=\"\" data-filter-type=\"mp3\" class=\"mp3Filter mp3 showing\">MP3<\/a><\/li><li><a href=\"\" data-filter-type=\"mp4\" class=\"mp4Filter mp4 showing\">MP4<\/a><\/li><\/ul><p class=\"bar\"><a href=\"#\" class=\"cross\">Close<\/a><\/p><\/div><div class=\"prettyFileSorting\" style=\"right:0\"><ul class=\"unstyled\"><li><a href=\"\" data-sort-type=\"bydate\" data-sort-direction=\"asc\" class=\"asc\">By Date<\/a><\/li><li><a href=\"\" data-sort-type=\"bytitle\">By Name<\/a><\/li><li><a href=\"\" data-sort-type=\"bytype\" class=\"\">By Type<\/a><\/li><\/ul><p class=\"bar\"><a href=\"#\" class=\"cross\">Close<\/a><\/p><\/div><div class=\"prettyFileListSearch\"><label style=\"display:none;\">Search<\/label><input type=\"text\" value=\"Search...\" class=\"prettySearchValue\" \/><a class=\"doPrettySearch btn corePrettyStyle\">Go<\/a><a class=\"clearSearch btn corePrettyStyle hidden\">Clear<\/a><\/div><\/div><div class=\"prettyMessage\" style=\"display:none\"><span><\/span><a href=\"#\" class=\"btn\">Show all files<\/a><\/div><div class=\"prettyListItems loading\"><a href=\"https:\/\/jf-ameixial.pt\/wp-content\/uploads\/2026\/03\/Hasta_Publica_1-26_Caderno_Encargos.pdf\" class=\"pdf prettylink corePrettyStyle\"  data-tags=\"ccp2026\" data-date=\"1772848079\"> <span class=\"float_right\" >&nbsp;|&nbsp;Size: 6 MB<\/span> <span class=\"float_right\">Mar 2026<\/span> <span class=\"fileTitle\">Hasta P\u00fablica 1\/2026 - Caderno Encargos<\/span> <\/a><a href=\"https:\/\/jf-ameixial.pt\/wp-content\/uploads\/2026\/03\/Hasta_Publica_1-26.pdf\" class=\"pdf prettylink corePrettyStyle\"  data-tags=\"ccp2026\" data-date=\"1772848108\"> <span class=\"float_right\" >&nbsp;|&nbsp;Size: 5 MB<\/span> <span class=\"float_right\">Mar 2026<\/span> <span class=\"fileTitle\">Hasta P\u00fablica 1\/2026 | Bar de Apoio Ao parque de merendas na Fonte da Seiceira no Ameixial<\/span> <\/a><\/div><div class=\"prettyPagination\"><a href=\"#\" class=\"pfl_next btn corePrettyStyle\">Next &raquo;<\/a><span class=\"pagingInfo\">Page <span class=\"currentPage\">1<\/span> of <span class=\"totalPages\"><\/span><\/span><a href=\"#\" class=\"pfl_prev btn disabled corePrettyStyle\">&laquo; Prev<\/a><\/div><\/div>\n<\/div><\/div>\n<div class=\"su-spoiler su-spoiler-style-default su-spoiler-icon-plus\" data-scroll-offset=\"0\" data-anchor-in-url=\"no\"><div class=\"su-spoiler-title\" tabindex=\"0\" role=\"button\"><span class=\"su-spoiler-icon\"><\/span>2023<\/div><div class=\"su-spoiler-content su-u-clearfix su-u-trim\">\n<div class=\"prettyFileList\"  data-filesperpage=\"10\"><div class=\"prettyFileBar\"><a href=\"#\" class=\"showSortingBtn float_right corePrettyStyle btn\">Sort<\/a><div class=\"prettyFileFilters\"><ul class=\"unstyled\"><li><a href=\"\" data-filter-type=\"img\" class=\"imgFilter img showing\">Image<\/a><\/li><li><a href=\"\" data-filter-type=\"pdf\" class=\"pdfFilter pdf showing\">PDF<\/a><\/li><li><a href=\"\" data-filter-type=\"xls\" class=\"xlsFilter xls showing\">Excel<\/a><\/li><li><a href=\"\" data-filter-type=\"doc\" class=\"docFilter doc showing\">Word<\/a><\/li><li><a href=\"\" data-filter-type=\"ppt\" class=\"pptFilter ppt showing\">Powerpoint<\/a><\/li><li><a href=\"\" data-filter-type=\"zip\" class=\"zipFilter zip showing\">Zip<\/a><\/li><li><a href=\"\" data-filter-type=\"mp3\" class=\"mp3Filter mp3 showing\">MP3<\/a><\/li><li><a href=\"\" data-filter-type=\"mp4\" class=\"mp4Filter mp4 showing\">MP4<\/a><\/li><\/ul><p class=\"bar\"><a href=\"#\" class=\"cross\">Close<\/a><\/p><\/div><div class=\"prettyFileSorting\" style=\"right:0\"><ul class=\"unstyled\"><li><a href=\"\" data-sort-type=\"bydate\" data-sort-direction=\"asc\" class=\"asc\">By Date<\/a><\/li><li><a href=\"\" data-sort-type=\"bytitle\">By Name<\/a><\/li><li><a href=\"\" data-sort-type=\"bytype\" class=\"\">By Type<\/a><\/li><\/ul><p class=\"bar\"><a href=\"#\" class=\"cross\">Close<\/a><\/p><\/div><div class=\"prettyFileListSearch\"><label style=\"display:none;\">Search<\/label><input type=\"text\" value=\"Search...\" class=\"prettySearchValue\" \/><a class=\"doPrettySearch btn corePrettyStyle\">Go<\/a><a class=\"clearSearch btn corePrettyStyle hidden\">Clear<\/a><\/div><\/div><div class=\"prettyMessage\" style=\"display:none\"><span><\/span><a href=\"#\" class=\"btn\">Show all files<\/a><\/div><div class=\"prettyListItems loading\"><a href=\"https:\/\/jf-ameixial.pt\/wp-content\/uploads\/2023\/04\/Concurso_publico_1-2023.pdf\" class=\"pdf prettylink corePrettyStyle\"  data-tags=\"ccp2023\" data-date=\"1683547842\"> <span class=\"float_right\" >&nbsp;|&nbsp;Size: 185 KB<\/span> <span class=\"float_right\">May 2023<\/span> <span class=\"fileTitle\">Concurso publico 1\/2023 | Bar de Apoio Ao parque de merendas na Fonte da Seiceira no Ameixial<\/span> <\/a><\/div><div class=\"prettyPagination\"><a href=\"#\" class=\"pfl_next btn corePrettyStyle\">Next &raquo;<\/a><span class=\"pagingInfo\">Page <span class=\"currentPage\">1<\/span> of <span class=\"totalPages\"><\/span><\/span><a href=\"#\" class=\"pfl_prev btn disabled corePrettyStyle\">&laquo; Prev<\/a><\/div><\/div>\n<\/div><\/div>\n<p>&nbsp;<\/p>\n","protected":false},"excerpt":{"rendered":"<p>Procedimentos &nbsp;<\/p>\n","protected":false},"author":1,"featured_media":0,"parent":208,"menu_order":0,"comment_status":"closed","ping_status":"closed","template":"","meta":{"ngg_post_thumbnail":0,"footnotes":""},"class_list":["post-537","page","type-page","status-publish"],"_links":{"self":[{"href":"https:\/\/jf-ameixial.pt\/index.php?rest_route=\/wp\/v2\/pages\/537","targetHints":{"allow":["GET"]}}],"collection":[{"href":"https:\/\/jf-ameixial.pt\/index.php?rest_route=\/wp\/v2\/pages"}],"about":[{"href":"https:\/\/jf-ameixial.pt\/index.php?rest_route=\/wp\/v2\/types\/page"}],"author":[{"embeddable":true,"href":"https:\/\/jf-ameixial.pt\/index.php?rest_route=\/wp\/v2\/users\/1"}],"replies":[{"embeddable":true,"href":"https:\/\/jf-ameixial.pt\/index.php?rest_route=%2Fwp%2Fv2%2Fcomments&post=537"}],"version-history":[{"count":6,"href":"https:\/\/jf-ameixial.pt\/index.php?rest_route=\/wp\/v2\/pages\/537\/revisions"}],"predecessor-version":[{"id":1360,"href":"https:\/\/jf-ameixial.pt\/index.php?rest_route=\/wp\/v2\/pages\/537\/revisions\/1360"}],"up":[{"embeddable":true,"href":"https:\/\/jf-ameixial.pt\/index.php?rest_route=\/wp\/v2\/pages\/208"}],"wp:attachment":[{"href":"https:\/\/jf-ameixial.pt\/index.php?rest_route=%2Fwp%2Fv2%2Fmedia&parent=537"}],"curies":[{"name":"wp","href":"https:\/\/api.w.org\/{rel}","templated":true}]}}